ose h + 3*h + s = 60, 2*s = 3*h - 45. What is the remainder when a is divided by h?
12
Suppose 0 = -4*d - n + 53, d - 3*d + 39 = 3*n. What is the remainder when 33 is divided by d?
9
Let y = -32 - -54. Let z = 78 - -114. Suppose -4*n = -7*n + z. What is the remainder when n is divided by y?
20
Let p(w) = 3*w**2 + 2*w + 2. Suppose 5*m = 11 + 44. Calculate the remainder when p(-4) is divided by m.
9
Suppose 26 = 3*w + 2. Suppose 0 = -3*b - 3, 2*b - 8 - w = -3*l. What is the remainder when 10 is divided by l?
4
Let b = -81 - -104. What is the remainder when b is divided by 15?
8
Suppose 3 = 2*o + 5*w - 2, 3*o - 5*w + 5 = 0. Suppose 0 = 2*c - o*c. What is the remainder when 0 - (c - -5)/(-1) is divided by 2?
1
Suppose -11*j + j = -220. What is the remainder when j is divided by 4?
2
Suppose k = -p - 17, 3 - 24 = p + 3*k. Let t = 25 + p. What is the remainder when 28 is divided by t?
8
Let g(j) = 19*j + 66. What is the remainder when g(8) is divided by 11?
9
Suppose 2*n - 3*f - 112 = 97, 3*n + 2*f - 281 = 0. Suppose -n = -4*p + 39. What is the remainder when p is divided by 9?
7
Calculate the remainder when (-74)/(-6) - (-17)/(-51) is divided by 7.
5
Let v(s) = s**3 + 6*s**2 + s - 9. Calculate the remainder when 72 is divided by v(-3).
12
Suppose -23 = -d - 6*b + 3*b, -2*d = -3*b - 28. Let f be -1 + 7*-1 + 0. Let q = f + d. Calculate the remainder when q is divided by 6.
3
Suppose -7 = o + z - 27, 4*o + z = 89. What is the remainder when 66 is divided by o?
20
Suppose -20 = -0*k - 5*k. Suppose -k*a = n - 62, 3*n = -6*a + 4*a + 166. Calculate the remainder when n is divided by 19.
16
Let n(y) = -3 - 2 + 10 - 7 + y. What is the remainder when 5 is divided by n(6)?
1
Let c = -6 - -9. Suppose -c*b + 3 = -3. Suppose 10 = -b*i, -4*i - 29 - 63 = -3*a. What is the remainder when a is divided by 13?
11
Let n(y) = 12*y**2 + 2*y - 2. What is the remainder when 47 is divided by n(1)?
11
Let g be (-6)/21 - (-30)/7. Suppose 3*s + 0*l - 54 = -3*l, g*s = 5*l + 72. What is the remainder when 33 is divided by s?
15
Suppose -5*x - 34 + 4 = 0. Let z = 6 + x. Suppose z = 4*w - 88 - 104. Calculate the remainder when w is divided by 17.
14
Let j = 59 + -16. Let i(c) = c**2 + 4*c + 7. Let o be i(-5). Suppose 0 = -2*d + 32 + o. What is the remainder when j is divided by d?
21
Let p(w) = -w + 13. Let x(b) = -8*b. Let a be x(-1). Let i be 4/a - 30/(-4). What is the remainder when p(i) is divided by 2?
1
Let o(a) = a**2 + 1. Calculate the remainder when o(-8) is divided by (-8)/20 + 0 + 261/15.
14
Let o = -9 + 19. Suppose -2*b = -4 - 0. Suppose -b*y = -3*y + 18. Calculate the remainder when y is divided by o.
8
Let l(v) = -v**3 - 10*v**2 - 12*v - 8. Let q be l(-9). Let h = 0 + q. What is the remainder when h is divided by 11?
8
Suppose 3*q + 1 = -5, 5*z - 5*q = 185. What is the remainder when z is divided by 12?
11
Let f = 1 + 1. Suppose 0*b - f*b = 2*l - 8, -4*b - 2 = l. What is the remainder when 23 is divided by l?
5
Suppose -5*b - 23 = -h - 2*h, 5*h + 3*b = 27. Suppose 0 = 2*x + h, 3*u - 99 = -2*u + 3*x. Calculate the remainder when ((-78)/(-4))/((-3)/(-8)) is divided by u.
16
Let t(r) = -r**2 + r + 50. Calculate the remainder when t(0) is divided by 20.
10
Let u be 2 - (0/(-2) - 1). Suppose -2*q - 52 = u*j + 2*q, -5*j - 135 = -3*q. Let m = j - -62. Calculate the remainder when m is divided by 13.
12
Suppose 2*v + 29 + 232 = 5*l, l - 5*v - 66 = 0. Calculate the remainder when l is divided by 18.
15
Let z(x) = -x**3 - 4*x**2 - 4*x - 10. Calculate the remainder when z(-5) is divided by 19.
16
Suppose -2*t + 6 = -t. What is the remainder when 4 - (-2 + (2 - 12)) is divided by t?
4
Suppose 0*c + 20 = -2*c + 3*n, -30 = 3*c + 4*n. What is the remainder when ((-65)/c)/(1/2) is divided by 7?
6
Suppose -4*g + 2*g - 112 = 0. Let h = g - -79. Suppose h = 3*x + 8. Calculate the remainder when 13 is divided by x.
3
Suppose -15 = -3*g - f, f + 3*f - 20 = -4*g. What is the remainder when 21 is divided by g?
1
Calculate the remainder when 1 is divided by (-2)/7 - (-9)/7.
0
Suppose 0 = 5*o - 6*n + 2*n - 19, -5*o + n + 16 = 0. What is the remainder when 24 is divided by o?
0
Suppose -i - 100 = -6*i. Let t be (5/i)/((-2)/(-8)). Let o = 14 + t. Calculate the remainder when 28 is divided by o.
13
Suppose -3*y = -y. Suppose y = -3*l + 12. Let v(x) = x**2 + 8*x + 11. What is the remainder when v(-8) is divided by l?
3
Let h(f) = 3*f**2 + 2*f + 1. Let t be h(-2). Calculate the remainder when 29 is divided by 2 + -9*(-6)/t.
5
Suppose 18 = -2*t + 180. Suppose 3*f + 33 = t. Let g(b) = -6*b**3 - b**2 - 2*b - 2. Calculate the remainder when g(-2) is divided by f.
14
Let t(a) = -2*a**3 + 15*a**2 - 5*a - 4. What is the remainder when 36 is divided by t(7)?
6
Suppose 5*w + 20 = 80. What is the remainder when 46 is divided by w?
10
Calculate the remainder when 10 is divided by (1/(-3))/(4/(-72)).
4
Let w(s) = 86*s**3 + 3*s**2 - 3*s + 1. Let p be w(-3). Calculate the remainder when (-2)/13 - p/65 is divided by 19.
16
Let q = -4 - -9. Suppose -2*z + 2*v + 2*v + 52 = 0, 3*z = q*v + 78. Suppose -4 = -5*g + 66. What is the remainder when z is divided by g?
12
Suppose -20*x = -21*x + 213. What is the remainder when x is divided by 12?
9
Suppose 3*a - x + 16 = 0, x + x + 8 = -2*a. Let w = a - -7. Let j = 4 - 3. Calculate the remainder when w is divided by j.
0
Let q = -3 + 3. Suppose -3*t - 5 + 56 = q. Calculate the remainder when 50 is divided by t.
16
Suppose -2*h = -4*y - 22, 0 = 2*h - 2*y - y - 17. Let o = h + 6. Let d = 69 - 43. Calculate the remainder when d is divided by o.
5
Suppose 0*g + 2*g = 0. Let p(z) = z**2 + z + 74. What is the remainder when p(g) is divided by 19?
17
Suppose m = -2*n + 10, -m + 0*n + 13 = 3*n. Calculate the remainder when 1/m - 174/(-8) is divided by (-25 - -1)*2/(-4).
10
Suppose 6*t = 1586 - 458. What is the remainder when t is divided by 16?
12
Let v(l) = -l + 2. Calculate the remainder when 6 is divided by v(-3).
1
Let c = -188 + 342. Suppose -a - 3*p + 47 = -0*a, -5*p - c = -4*a. Calculate the remainder when a is divided by 11.
8
Suppose -n + 2 = -12. Suppose -4*p + 0*a + n = -a, 24 = 4*p + 4*a. Suppose -x - 2*d + 56 = 3*x, -p*x + 56 = 5*d. What is the remainder when x is divided by 4?
2
Let k = 6 + -10. Let u = 20 + k. Calculate the remainder when (92/(-6))/(3/(-9)) is divided by u.
14
Suppose m + 10 = -4*m, -h + 63 = -3*m. Let z = -38 + h. What is the remainder when z is divided by 5?
4
Let u(r) = -12*r**3 - r**2 + r. Let h be u(1). Let q be (-3)/(-2)*h/(-9). What is the remainder when 14 is divided by q/(-9) + (-141)/(-27)?
4
Let v be 3/(-1) - (1 - 4). Suppose v = -3*d - 0*d + 21. What is the remainder when 19 is divided by d?
5
Suppose -4 = z, 5*z + 19 = 2*h - 3*h. Suppose -4*t + 17 = -11. What is the remainder when (h/(-3))/((-2)/78) is divided by t?
6
Let h(z) = -z**3 + 6*z**2 + 7*z + 9. Calculate the remainder when 14 is divided by h(7).
5
Let h(u) = -u**3 - 8*u**2 - 7*u + 8. Calculate the remainder when 30 is divided by h(-7).
6
Suppose -765 = -21*u + 4*u. Calculate the remainder when 222 is divided by u.
42
Calculate the remainder when 4/((40/92)/5) is divided by 17.
12
Let c = -11 + 21. Let d(v) = -5*v**2 + 2*v - 1. Let p be d(2). Let z = p - -34. What is the remainder when z is divided by c?
7
Let r(o) = -o**3 + 4*o**2 + 4*o - 1. What is the remainder when 29 is divided by r(4)?
14
Let y(g) = -3*g**3 + g - 2. Suppose -4*a - 4 = 4. Calculate the remainder when 77 is divided by y(a).
17
Suppose 2*r + 3*v = 24, -r - 5*v = 4*r - 60. Let k(l) = l**3 - 2*l**2 - 5*l - 3. What is the remainder when k(5) is divided by r?
11
Suppose 11*n = 14*n - 369. What is the remainder when n is divided by 25?
23
Suppose 4*x + 0*j - 53 = -j, -2*x - 4*j = -16. What is the remainder when x is divided by 8?
6
Let z(w) = 12*w + 6. Let r(m) = m**2 - 4*m. Let q be r(2). Let b be z(q). Let a = -10 - b. What is the remainder when a is divided by 17?
15
Suppose -19 = -4*q + 1. What is the remainder when q is divided by 3?
2
Calculate the remainder when 15/(-5 + 2) - -12 is divided by 2.
1
Let a = -163 + 209. Suppose 0 = -2*k + 12 + 20. What is the remainder when a is divided by k?
14
Let x(p) = -p + 11. Let f be x(9). Suppose 5*b = m + 78, -f*b + 0*m + 26 = -3*m. What is the remainder when 